f 8?
True
Does 54 divide 94232?
False
Is 3676389 a multiple of 17?
False
Is 1547484 a multiple of 86?
True
Does 13 divide 184379?
True
Is 4 a factor of 149568?
True
Is 3533325 a multiple of 7?
False
Is 16837776 a multiple of 16?
True
Is 117171 a multiple of 9?
True
Is 25 a factor of 409400?
True
Is 6606160 a multiple of 220?
True
Is 113886 a multiple of 114?
True
Does 453 divide 25632099?
True
Is 255870 a multiple of 10?
True
Is 737 a factor of 3180277?
False
Is 886420 a multiple of 410?
True
Is 20 a factor of 1228480?
True
Does 267 divide 3445485?
False
Is 197690 a multiple of 5?
True
Does 25 divide 66553?
False
Is 606934 a multiple of 34?
True
Is 2546 even?
True
Is 1297939 a multiple of 449?
False
Does 811 divide 561212?
True
Is 38864 a multiple of 20?
False
Is 5 a factor of 83009?
False
Is 17 a factor of 732965?
False
Is 4303296 a multiple of 64?
True
Is 954 a factor of 1720062?
True
Is 407 a factor of 24548963?
False
Is 7 a factor of 266838?
False
Is 215 a factor of 7487?
False
Does 186 divide 15850241?
False
Is 2104080 a multiple of 27?
False
Does 29 divide 12844?
False
Is 6654 a multiple of 42?
False
Does 24 divide 2084529?
False
Is 725179 a multiple of 201?
False
Is 12935379 a multiple of 10?
False
Is 236046 a multiple of 947?
False
Is 494 a factor of 44473?
False
Is 1069 a factor of 11354918?
True
Does 995 divide 14418517?
False
Is 109612 a multiple of 16?
False
Is 26329263 a multiple of 11?
False
Is 24 a factor of 3511632?
True
Is 152280 a multiple of 6?
True
Is 197 a factor of 3666761?
True
Does 218 divide 21508?
False
Is 835 a factor of 226242?
False
Is 258 a factor of 54840?
False
Is 113759 a multiple of 636?
False
Does 246 divide 117834?
True
Is 90 a factor of 733050?
True
Is 44 a factor of 1830796?
True
Does 2 divide 1260534?
True
Is 159 a factor of 51263?
False
Is 15 a factor of 12523400?
False
Is 67 a factor of 518399?
False
Is 24 a factor of 239832?
True
Is 218776 a multiple of 46?
True
Is 52 a factor of 546789?
False
Does 14 divide 1085762?
False
Does 104 divide 203937?
False
Does 18 divide 814284?
True
Does 177 divide 69030?
True
Does 103 divide 129883?
True
Is 9 a factor of 30394?
False
Does 14 divide 6761049?
False
Does 561 divide 3180309?
True
Is 3715 a multiple of 9?
False
Is 133 a factor of 651483?
False
Does 233 divide 5672916?
False
Is 730728 a multiple of 153?
True
Is 96 a factor of 483545?
False
Is 25 a factor of 32200?
True
Is 150 a factor of 2429?
False
Is 634489 a multiple of 168?
False
Does 34 divide 16199?
False
Does 320 divide 349885?
False
Does 309 divide 10724188?
False
Is 21 a factor of 3384721?
False
Is 26 a factor of 166634?
True
Is 143224 a multiple of 4?
True
Is 15 a factor of 49155?
True
Is 38 a factor of 656564?
True
Is 13 a factor of 286123?
False
Is 209948 a multiple of 3?
False
Does 17 divide 3243070?
False
Does 24 divide 2839584?
True
Does 40 divide 265703?
False
Is 52 a factor of 261868?
False
Is 52640 a multiple of 6?
False
Does 65 divide 995085?
True
Is 92 a factor of 449696?
True
Does 24 divide 434538?
False
Does 21 divide 612323?
False
Is 545 a factor of 3500466?
False
Is 60 a factor of 360703?
False
Is 161 a factor of 18967571?
True
Is 15 a factor of 537765?
True
Does 34 divide 149396?
True
Does 78 divide 97153?
False
Does 31 divide 690136?
False
Is 59 a factor of 2101167?
True
Does 4 divide 69032?
True
Does 3 divide 38991?
True
Is 167 a factor of 9233931?
True
Is 10 a factor of 47870?
True
Does 23 divide 4228323?
False
Is 445 a factor of 482819?
False
Is 1313312 a multiple of 14?
True
Is 13 a factor of 221716?
False
Does 130 divide 12325300?
True
Does 2 divide 8212?
True
Is 3872747 a multiple of 157?
False
Is 119 a factor of 198145?
False
Is 274 a factor of 17367490?
True
Is 9229015 a multiple of 401?
True
Does 105 divide 2301195?
False
Is 32 a factor of 3429376?
True
Is 23 a factor of 27991?
True
Is 314 a factor of 185090?
False
Is 19940951 a multiple of 104?
False
Is 7524506 a multiple of 121?
True
Does 107 divide 508085?
False
Is 12 a factor of 464496?
True
Is 42 a factor of 496608?
True
Does 22 divide 13024?
True
Does 42 divide 1328100?
False
Is 88014 a multiple of 40?
False
Does 21 divide 4830861?
True
Is 19860592 a multiple of 232?
True
Is 421041 a multiple of 293?
True
Is 5 a factor of 96020?
True
Does 520 divide 376794?
False
Is 339 a factor of 97632?
True
Is 267 a factor of 3138211?
False
Does 43 divide 18318?
True
Is 182647 a multiple of 271?
False
Is 46 a factor of 721510?
True
Does 7 divide 709156?
True
Does 19 divide 2256?
False
Is 84165 a multiple of 465?
True
Is 10 a factor of 2371968?
False
Is 225990 a multiple of 30?
True
Does 8 divide 17256052?
False
Does 10 divide 18553700?
True
Does 3 divide 4792190?
False
Does 82 divide 252970?
True
Is 4514673 a multiple of 236?
False
Is 51974 a multiple of 26?
True
Is 384335 a multiple of 5?
True
Is 18 a factor of 170069?
False
Does 251 divide 365358?
False
Is 255 a factor of 30090?
True
Does 767 divide 13279071?
True
Is 79 a factor of 2191070?
False
Does 44 divide 6080084?
False
Is 2479492 a multiple of 23?
True
Does 6 divide 917940?
True
Is 1671764 a multiple of 2?
True
Is 2156 a multiple of 7?
True
Does 3 divide 17202?
True
Is 194 a factor of 129592?
True
Is 93 a factor of 752990?
False
Is 469 a factor of 8213896?
False
Is 227862 a multiple of 18?
True
Is 386280 a multiple of 90?
True
Does 12 divide 14204?
False
Is 687 a factor of 596847?
False
Is 1184875 a multiple of 62?
False
Is 17951 a multiple of 21?
False
Does 39 divide 992383?
False
Is 13204848 a multiple of 114?
True
Is 116812 a multiple of 76?
True
Is 1601501 a multiple of 2?
False
Is 314 a factor of 413877?
False
Is 12 a factor of 1084353?
False
Does 22 divide 189588?
False
Is 11240 a multiple of 10?
True
Does 26 divide 199766?
False
Does 58 divide 273470?
True
Does 6 divide 1054335?
False
Is 7078552 a multiple of 58?
True
Does 21 divide 105210?
True
Is 10 a factor of 551211?
False
Is 5334360 a multiple of 15?
True
Is 108381 a multiple of 39?
True
Is 13328 a multiple of 7?
True
Does 68 divide 1049376?
True
Is 676880 a multiple of 3?
False
Does 1008 divide 4083408?
True
Is 117374 a multiple of 34?
False
Is 292432 a multiple of 56?
True
Is 4999820 a multiple of 70?
True
Is 55 a factor of 548715?
False
Is 467 a factor of 3521710?
False
Is 30 a factor of 4140?
True
Is 15 a factor of 892140?
True
Does 25 divide 925834?
False
Does 105 divide 14910?
True
Is 22 a factor of 281803?
False
Is 6885741 a multiple of 31?
False
Is 59 a factor of 40887?
True
Is 1171 a multiple of 15?
False
Is 5728824 a multiple of 36?
True
Is 1713666 a multiple of 21?
False
Is 8146294 a multiple of 22?
False
Is 37 a factor of 438524?
True
Does 12 divide 2056368?
True
Is 31 a factor of 1408361?
True
Is 4 a factor of 2996706?
False
Does 14 divide 37177?
False
Does 439 divide 5501548?
True
Does 72 divide 10654683?
False
Is 174760 a multiple of 176?
False
Is 44599 a multiple of 136?
False
Is 27 a factor of 475227?
True
Does 94 divide 7553547?
False
Does 17 divide 119375?
False
Is 14214989 a multiple of 12?
False
Does 6 divide 52686?
True
Does 306 divide 230418?
True
Is 213 a factor of 2034846?
False
Is 335 a factor of 6030?
True
Is 46 a factor of 709037?
False
Is 18 a factor of 8597106?
True
Is 78093 a multiple of 3?
True
Does 573 divide 3970317?
True
Is 26 a factor of 5486?
True
Is 3105872 a multiple of 77?
True
Is 504216 a multiple of 423?
True
Is 15533494 a multiple of 495?
False
Does 73 divide 5834474?
False
Does 457 divide 1707876?
False
Is 206925 a multiple of 89?
True
Is 472230 a multiple of 330?
True
Is 5351310 a multiple of 30?
True
Is 661 a factor of 339093?
True
Does 7 divide 1686825?
True
Does 27 divide 45576?
True
Does 72 divide 1382720?
False
Does 9 divide 159557?
False
Is 449887 a multiple of 433?
True
Is 18 a factor of 11704801?
False
Is 90 a factor of 913230?
True
Does 10 divide 38952?
False
Is 28177 a multiple of 118?
False
Is 182968 a multiple of 8?
True
Is 14 a factor of 20482?
True
Is 2990820 a multiple of 12?
True
Is 28 a factor of 2037448?
True
Does 7 divide 490541?
False
Is 1065315 a multiple of 15?
True
Is 1105 a factor of 16986060?
True
Is 75 a factor of 27975?
True
Is 4258070 even?
True
Is 81803 a multiple of 457?
True
Is 4666620 a multiple of 1230?
True
Does 2 divide 10?
True
